se 9) to base 10
16
2 (base 15) to base 14
2
-4 (base 13) to base 3
-11
223 (base 7) to base 3
11021
Convert 100 (base 3) to base 14.
9
What is -11 (base 2) in base 4?
-3
-22 (base 6) to base 3
-112
Convert -13 (base 12) to base 16.
-f
Convert a2 (base 15) to base 10.
152
What is -4 (base 12) in base 4?
-10
7 (base 13) to base 7
10
Convert 0 (base 10) to base 3.
0
Convert -3 (base 14) to base 12.
-3
Convert 1130 (base 4) to base 13.
71
What is c (base 14) in base 13?
c
2 (base 9) to base 14
2
1 (base 11) to base 4
1
128 (base 9) to base 15
72
-2 (base 12) to base 6
-2
Convert -1111111 (base 2) to base 16.
-7f
-13 (base 10) to base 3
-111
Convert 3 (base 14) to base 3.
10
What is 2 (base 6) in base 12?
2
Convert -1 (base 8) to base 12.
-1
108 (base 13) to base 8
261
What is 0 (base 14) in base 13?
0
-43 (base 7) to base 13
-25
Convert -1 (base 11) to base 9.
-1
Convert 2 (base 15) to base 8.
2
What is -9 (base 15) in base 4?
-21
14 (base 7) to base 16
b
What is c (base 15) in base 2?
1100
Convert -1022 (base 3) to base 14.
-27
Convert 134 (base 6) to base 13.
46
Convert 92 (base 14) to base 11.
107
What is -1110 (base 4) in base 14?
-60
Convert -15 (base 8) to base 16.
-d
What is -2 (base 5) in base 8?
-2
What is -11 (base 15) in base 2?
-10000
Convert 1332 (base 4) to base 7.
240
What is 2 (base 12) in base 2?
10
-1f (base 16) to base 11
-29
121 (base 5) to base 9
40
-103 (base 8) to base 13
-52
-11 (base 2) to base 8
-3
Convert 112 (base 4) to base 3.
211
Convert -11 (base 4) to base 14.
-5
What is 20001 (base 3) in base 9?
201
11010 (base 2) to base 9
28
-4 (base 16) to base 15
-4
What is -3 (base 15) in base 9?
-3
Convert 10000101 (base 2) to base 8.
205
Convert 3 (base 12) to base 3.
10
Convert -5 (base 8) to base 2.
-101
-211 (base 4) to base 16
-25
What is -2 (base 5) in base 9?
-2
What is -102 (base 5) in base 13?
-21
Convert -3 (base 11) to base 10.
-3
What is -2a7 (base 11) in base 16?
-167
What is -6 (base 9) in base 2?
-110
What is 188 (base 12) in base 2?
11111000
Convert -10 (base 6) to base 8.
-6
-1000011 (base 2) to base 11
-61
-143 (base 5) to base 13
-39
0 (base 11) to base 4
0
-24 (base 5) to base 16
-e
-4 (base 9) to base 13
-4
What is -5 (base 7) in base 11?
-5
11 (base 3) to base 14
4
101 (base 5) to base 12
22
What is 0 (base 2) in base 16?
0
What is -8 (base 12) in base 4?
-20
34 (base 12) to base 13
31
What is 3 (base 5) in base 2?
11
What is 35 (base 16) in base 3?
1222
Convert -4 (base 7) to base 13.
-4
Convert 1001 (base 2) to base 9.
10
What is 110 (base 3) in base 14?
c
-9 (base 16) to base 5
-14
What is -5 (base 9) in base 2?
-101
What is -2 (base 11) in base 7?
-2
Convert -76 (base 8) to base 4.
-332
What is -14 (base 12) in base 8?
-20
-131 (base 5) to base 4
-221
Convert 123 (base 12) to base 13.
102
18 (base 13) to base 10
21
-82 (base 14) to base 15
-79
-35 (base 13) to base 10
-44
Convert 10 (base 6) to base 10.
6
-3 (base 6) to base 5
-3
102 (base 4) to base 8
22
Convert -5 (base 15) to base 3.
-12
What is 12 (base 16) in base 14?
14
What is -3 (base 11) in base 6?
-3
What is 332 (base 5) in base 2?
1011100
Convert 14 (base 10) to base 16.
e
What is -22 (base 4) in base 11?
-a
Convert 1 (base 15) to base 5.
1
What is 2 (base 12) in base 9?
2
Convert -13 (base 12) to base 7.
-21
What is -8 (base 9) in base 15?
-8
What is 111 (base 7) in base 4?
321
Convert 98 (base 11) to base 12.
8b
What is 4 (base 5) in base 11?
4
Convert -9 (base 12) to base 11.
-9
-7 (base 16) to base 14
-7
24 (base 10) to base 6
40
-6 (base 7) to base 16
-6
Convert -11 (base 7) to base 15.
-8
0 (base 9) to base 15
0
1a (base 13) to base 11
21
Convert -11 (base 5) to base 9.
-6
28 (base 11) to base 8
36
What is -2 (base 13) in base 3?
-2
What is -64 (base 7) in base 2?
-101110
Convert 6 (base 12) to base 15.
6
Convert 8 (base 11) to base 9.
8
What is -5 (base 13) in base 11?
-5
50 (base 10) to base 13
3b
What is 86 (base 11) in base 14?
6a
What is 120 (base 3) in base 10?
15
Convert -b4 (base 16) to base 4.
-2310
1201 (base 3) to base 13
37
Convert -6 (base 15) to base 9.
-6
40 (base 11) to base 12
38
Convert 60 (base 7) to base 15.
2c
Convert 14 (base 5) to base 16.
9
Convert 5 (base 6) to base 15.
5
0 (base 16) to base 10
0
What is -55 (base 15) in base 11?
-73
What is -1 (base 9) in base 2?
-1
What is -4 (base 7) in base 4?
-10
Convert -24 (base 8) to base 14.
-16
What is 113 (base 4) in base 12?
1b
-1 (base 10) to base 15
-1
What is 107 (base 9) in base 13?
6a
Convert 21 (base 7) to base 14.
11
-19 (base 12) to base 3
-210
44 (base 8) to base 13
2a
25 (base 11) to base 9
30
Convert 2 (base 4) to base 6.
2
-12 (base 3) to base 11
-5
-12 (base 13) to base 6
-23
What is 4 (base 10) in base 12?
4
What is -2 (base 12) in base 8?
-2
Convert -12 (base 15) to base 6.
-25
Convert -23 (base 6) to base 12.
-13
What is -4 (base 16) in base 12?
-4
2 (base 8) to base 3
2
What is -101011010 (base 2) in base 12?
-24a
Convert 1 (base 4) to base 11.
1
1210 (base 3) to base 5
143
-402 (base 5) to base 10
-102
What is -212 (base 4) in base 14?
-2a
Convert 1 (base 9) to base 13.
1
-176 (base 8) to base 11
-105
-102 (base 4) to base 12
-16
Convert -2 (base 8) to base 10.
-2
Convert -266 (base 8) to base 11.
-156
Convert -5 (base 7) to base 6.
-5
Convert -39 (base 11) to base 14.
-30
Convert -1 (base 15) to base 14.
-1
1 (base 6) to base 7
1
What is 5 (base 9) in base 16?
5
What is 32 (base 9) in base 15?
1e
-9 (base 12) to base 2
-1001
Convert 0 (base 4) to base 2.
0
What is 1d (base 14) in base 2?
11011
-31 (base 6) to base 14
-15
What is -3 (base 15) in base 11?
-3
-100 (base 3) to base 14
-9
Convert -1 (base 6) to base 3.
-1
What is -31 (base 6) in base 3?
-201
-2 (base 6) to base 2
-10
What is 1b (base 14) in base 9?
27
Convert 5 (base 14) to base 13.
5
-212 (base 4) to base 13
-2c
What is 83 (base 12) in base 4?
1203
What is -144 (base 5) in base 16?
-31
What is -110 (base 2) in base 3?
-20
21 (base 7) to base 16
f
-274 (base 11) to base 8
-503
What is 4 (base 8) in base 13?
4
Convert -2 (base 12) to base 10.
-2
-4 (base 13) to base 2
-100
-12 (base 10) to base 12
-10
-152 (base 9) to base 13
-9b
d (base 14) to base 8
15
-14 (base 5) to base 8
-11
-203 (base 4) to base 12
-2b
-3 (base 7) to base 9
-3
3f (base 16) to base 2
111111
What is 100 (base 10) in base 14?
72
Convert 4 (base 7) to base 11.
4
-12 (base 9) to base 6
-15
What is -20210 (base 3) in base 11?
-157
-49 (base 16) to base 11
-67
What is 5 (base 7) in base 5?
10
-8 (base 13) to base 5
-13
Convert 223 (base 6) to base 7.
153
What is 100 (base 2) in base 3?
11
Convert -1 (base 11) to base 10.
-1
Convert -a7 (base 15) to base 4.
-2131
What is 1 (base 12) in base 5?
1
What is -56 (base 9) in base 6?
-123
Convert 0 (base 4) to base 2.
0
Convert -1 (base 10) to base 9.
-1
4 (base 11) to base 2
100
What is 222 (base 4) in base 5?
132
-2 (base 9) to base 8
-2
What is -b (base 16) in base 11?
-10
4 (base 13) to base 5
4
-5 (base 10) to base 3
-12
What is 13 (base 9) in base 4?
30
Convert 6 (base 14) to base 6.
10
What is -11 (base 4) in base 13?
-5
16 (base 11) to base 12
15
Convert -10 (base 4) to base 7.
-4
What is -2 (base 9) in base 8?
-2
14 (base 7) to base 5
21
Convert -23 (base 5) to base 13.
-10
What is -1 (base 6) in base 10?
-1
23 (base 5) to base 12
11
Convert 13 (base 16) to base 7.
25
5 (base 11) to base 10
5
11 (base 7) to base 13
8
0 (base 6) to base 14
0
Convert 0 (base 4) to base 14.
0
What is 1 (base 13) in base 16?
1
Convert -89 (base 16) to base 12.
-b5
-213 (base 4) to base 3
-1110
81 (base 14) to base 8
161
68 (base 15) to base 10
98
Convert 2 (base 9) to base 13.
2
Convert 2b (base 12) to base 3.
1022
What is -2 (base 6) in base 10?
-2
What is 0 (base 14) in base 10?
0
Convert 50 (base 16) to base 2.
1010000
Convert 110 (base 2) to base 15.
6
Convert 1 (base 9) to base 10.
1
3 (base 12) to base 8
3
What is -50 (base 11) in base 16?
-37
Convert -453 (base 8) to base 10.
-299
23 (base 6) to base 16
f
Convert 6 (base 8) to base 10.
6
Convert -50 (base 12) to base 2.
-111100
Convert -1100 (base 2) to base 10.
-12
Convert -41 (base 5) to base 14.
-17
6 (base 12) to base 7
6
What is -5 (base 14) in base 13?
-5
30 (base 12) to base 9
40
Convert -310 (base 5) to base 14.
-5a
